*d + 4040. Is a prime?
False
Let c = 3969 + 93790. Is c composite?
True
Let b(w) = w**2 - 3*w + 337. Let j be (-1)/3*(2 - 2). Is b(j) a composite number?
False
Suppose 0 = 3*y - 5*j + 6, 0 = -4*y + 18*j - 14*j. Let g(v) be the first derivative of 10*v**3 - 7*v**2/2 + 2*v - 2. Is g(y) a composite number?
False
Suppose 2*y - 109197 = -2*w + 1067501, -3*w - 4*y = -1765049. Is w prime?
True
Let l(k) = 628*k**2 + 5. Let x(b) be the first derivative of -209*b**3/3 - 2*b + 6. Let h(c) = -2*l(c) - 7*x(c). Is h(-3) a composite number?
False
Let p(s) = 12*s**3 + 77*s**2 - 60*s - 24. Is p(29) a prime number?
False
Let z(f) = 20 + 15 - 3993*f - 36. Let c be z(-1). Suppose 8*j - c = -0*j. Is j a prime number?
True
Let u(j) = 1370*j**2 + 91*j + 1. Is u(-3) composite?
True
Let a(x) = 26906*x + 901. Is a(23) a prime number?
True
Suppose -40*y + 5621710 = 1474070. Is y composite?
True
Let b(n) = -46*n - 259. Let c be b(-10). Suppose 4887 = 22*s + c. Is s prime?
False
Let g(x) = 42684*x**2 - 26*x + 151. Is g(6) composite?
True
Suppose -2*i + 4 = 18. Let k(l) = -3*l**3 - 3*l**2 - 7*l + 5. Let j be k(i). Let u = -437 + j. Is u a prime number?
True
Let l(n) be the third derivative of 101*n**7/2520 + n**5/40 + n**4/6 + 7*n**2. Let x(h) be the second derivative of l(h). Is x(2) prime?
False
Suppose 37832 = 22*w - 103584. Let r = 17425 - w. Is r composite?
True
Let z be (-8)/(-6)*(5 + -65 - -3). Let v = 145 + z. Suppose 67*u - v*u = -1774. Is u prime?
True
Suppose 4*r + 4*z - 28 = 0, 4*r + 7 = 4*z + 3. Is 6/12*(-12)/r + 3667 prime?
False
Let b = -236 + 237. Is (b - 14)*-802 - 134/(-134) composite?
False
Is (-8)/(-2) + (-226 - 37796)*(-45)/2 a prime number?
True
Suppose p - 16 = -3*b, -2*p - 5 = -4*b + 3. Let t = -28 + 30. Suppose -t*m + 0*m = -2*q + 3310, 2*q - p*m = 3306. Is q composite?
False
Let p = 55051 + -2984. Is p a composite number?
False
Suppose f + 5*l = 554719, -5*f = -8*f - 6*l + 1664121. Is f a composite number?
False
Let f be (6*30/(-4))/(-1). Let i = -707 + 1153. Suppose f*x = 43*x + i. Is x composite?
False
Is 2543 + -2 + -16 + -4 a composite number?
False
Let y be ((-1)/(-4))/((-930)/(-232) - 4). Let s be 4/20 - y/(-5). Is (s - 8)*6/4 - -556 prime?
False
Is -15 - (-36)/2 - 74623*-2 a composite number?
False
Let d(v) = 54946*v + 4. Let l be d(1). Suppose 19*x + 3631 - l = 0. Is x a composite number?
True
Let t = 554898 - 257543. Is t a composite number?
True
Suppose 8*g - 9810 - 17174 = 0. Suppose 0 = -6*i + 521 + g. Is i a composite number?
True
Suppose 0 = -y - y + 8*y. Suppose 5*w = -v + 288, -1177 = -y*v - 4*v + 5*w. Is v a prime number?
True
Is (-216632)/(-10) - 187/85 composite?
False
Let h(c) = c**3 + 76*c**2 - 912*c - 94. Is h(-79) a prime number?
True
Suppose -3*w - 196 = 5*l, -3*l = 3*w + 2*w + 124. Let o be (148/(-3))/(l/(-171)). Let d = 349 + o. Is d composite?
False
Let j = 90826 + 3261. Is j prime?
False
Suppose 4*f = -2*p + 37062, 0 = -f - 2*p + 7*p + 9249. Let q = f - 722. Is q a prime number?
False
Let z(j) = 3*j**3 - 136*j**2 + 44*j + 51. Let f be z(45). Suppose 6842 = 5*s - i, -3*s + f*i = i - 4092. Is s prime?
False
Suppose 1152 = -2*g + 11*g. Suppose -l = -9*l + g. Is 3/8 - (-6602)/l composite?
True
Let x(a) = 703*a**2 - a - 4. Let k be x(2). Let r(s) = -s**3 + 19*s + 12. Let p be r(-4). Suppose p = -8*c + 12830 - k. Is c a prime number?
False
Suppose 0 = 5*k - 4*h + 13, -5*k - 28 = -0*k + h. Let z be (5 - (-5 - k)) + 0. Is 2/((-4)/((-740)/z)) composite?
True
Suppose 0*j + 2*q + 22 = j, -3*j + q = -61. Suppose -5*u = -u - j. Is 2/u + (-18183)/(-55) a prime number?
True
Let s = -65367 - -109058. Is s a composite number?
False
Suppose -3*q = 5*x - 28363, -21*q + 23*q - 18894 = 4*x. Is q composite?
True
Suppose 27*y - 23*y - 16 = 0. Let q be ((-11)/2 + y)/((-3)/(-36)). Is q/(-24) + 7346/8 prime?
True
Is (138/(-12) - -9 - -3) + 487050/4 composite?
False
Suppose 0 = -4*x + 2*h + 48932, -2*x - h + 36699 = x. Let b = x - 8550. Is b composite?
True
Let p = 265825 + -179828. Is p a composite number?
True
Let g(u) = u**3 - 5*u**2 - u + 3. Let l be g(6). Suppose l = -i + 30. Is 158/i*(4 - 34/4) prime?
False
Let w = 56 + -52. Suppose 55 = -w*o + 3*i, 2*i + 0*i = 10. Is (-7758)/(-30) + (6/o - -1) a composite number?
True
Let q(v) = -3417*v**3 + 11*v**2 + 27*v + 3. Is q(-2) a composite number?
False
Let k(o) = -100*o - 569. Is k(-9) composite?
False
Let c(a) be the first derivative of a**2/2 + 2*a + 17. Let z be c(-1). Is (5 + 62*-6)/(z - 2) a composite number?
False
Is (128/1088)/((-14)/(-323561)) a composite number?
False
Let v(i) = 3*i - 25. Let h be v(15). Suppose 24*o - 6940 = h*o. Is o a composite number?
True
Is (-1)/((-36 + 33)*(-2)/(-218802)) a composite number?
False
Let q(r) = 78*r**2 + 46*r + 435. Is q(-26) composite?
True
Let y(d) = -19372*d + 5477. Is y(-27) a composite number?
True
Let g = -23 - -23. Suppose g = -4*y + 3*z + 36, -4*y + 36 = -4*z + 6*z. Is (-1016)/(-4) + (-1)/(3/y) a prime number?
True
Let s(j) = -5*j**3 + j. Let n be s(-1). Suppose 2*g - n*o = -20, -5*o = -5*g - 3*o - 34. Is (-23385)/(-1)*((-8)/g + -1) composite?
True
Suppose 3*v - a = 187149, 0*v + 5*a + 311915 = 5*v. Is v composite?
False
Let w(h) = 5*h + 6*h - 11 - 8*h + 2*h. Let c be w(3). Suppose -2*x + 954 = -c*i, 0 = -3*x - 3*i + 687 + 789. Is x composite?
False
Suppose 2*a + 10 = -4*a + 118. Let l(g) = 3*g + 13 - 6 + g**2 + 13. Is l(a) a composite number?
True
Let o(f) = f**2 + 10*f - 28. Let r be o(-6). Let j = 58 + r. Is j/9*60708/8 composite?
False
Let d = -26 + 26. Let o be (-6 - (-1 - d))*40*1. Is 9 - o - -2*(0 + 1) prime?
True
Suppose 4891 + 6254 = -3*i. Let g = i + 7386. Is g a prime number?
True
Let b be 80/(-280) - 13127/(-7). Suppose 0 = -2*m + 2*c + 5698, -5*m + 14238 = 5*c - 3*c. Let w = m - b. Is w a prime number?
False
Let l = 76 - -145. Let w(r) = -r**3 + 29*r**2 + 27*r + 88. Let h be w(30). Is (-4 + l)/(1 - (2 + h)) a composite number?
True
Suppose 130*x - 134*x - 16 = 0, -x = -2*m + 52110. Is m prime?
True
Let w(s) = 2*s**3 - 7*s**2 + 5*s - 3. Let c be w(3). Is (-1)/(c/2) + (-419733)/(-27) a composite number?
True
Suppose 5*l = 5*k - 6215, -3*l - 529 - 3212 = k. Let c be (-7 - 2)*l/21. Suppose -8*z + 5*z = -c. Is z a prime number?
False
Suppose -2362*s + 8796264 = -2338*s. Is s a composite number?
False
Let z(i) = i - 1. Let h be z(6). Let x be ((-6296)/(-24))/((-2)/(-24)). Suppose j + x = h*j. Is j composite?
False
Let a = -404851 - -1040048. Is a prime?
True
Let b = -3955 - -16964. Is b a prime number?
True
Suppose 4*u - 63156804 = 29*u - 117*u. Is u prime?
False
Let o(z) = 98293*z - 424. Is o(2) a prime number?
False
Suppose 0 = -3*z - 4*z + 55293. Suppose 0 = 11*k - 8*k - z. Is k composite?
False
Suppose 0 = 36*n - 32010 - 68214. Suppose -r + 1899 = -3494. Let o = r - n. Is o prime?
True
Let g be -2 + 2 + (7 + -12)*-1. Suppose 2*o = p + 28 - 289, 0 = 5*p + g*o - 1245. Is p composite?
True
Suppose -3*r - 1 = -2*r. Let m be 16/(-56) + r + (-290)/14. Let a = 564 - m. Is a a prime number?
False
Let h = -490339 - -739706. Is h composite?
False
Suppose -i - 5446 + 61082 = 5*t, i = -t + 11124. Suppose -t = 133*q - 141*q. Is q prime?
False
Is 18 - (28 - (-2 - -8)) - (-1 + -15502) composite?
True
Suppose -4*w = -3 + 7. Let c(r) = 2468*r**2 + 4*r + 3. Let j be c(w). Suppose -j - 5088 = -5*d. Is d a prime number?
True
Suppose 0 = -h - 0*h + 44375. Let d be h/20 - ((-15)/12 - -2). Suppose 5*a - 2*o = 5569, -4*o - d = 2*a - 4*a. Is a a prime number?
False
Suppose -x = -8 + 3. Suppose 2*q - x*b = 15 - 0, 0 = -2*q - 5*b - 15. Suppose g - 203 = 2*n, q*g + 4*n = 5*g - 1015. Is g a composite number?
True
Suppose -5*c - v = 333, v - 42 = 3*c + 153. Let y = c + 62. Is y/10 + (-2648)/(-20) + -3 composite?
True
Let n be ((-6)/4)/(6/(-8)) + 21. Let a = n + -17. Is (7 - 10)/(a/(-5998)) a composite number?
False
Suppose 0 = w + 3 - 8. Let y(j) = 11*j**3 - 6*j**2 + j - 6. Let i be y(w). Let p = 1925 - i. Is p composite?
False
Suppose 4*o + 4*x = -0*x + 857656, 4*x = 3*o - 643263. Is o a composite number?
True
Let d be 5/(5/(-1906)) + 15/(-3). Suppose 4*i = h + 1086, -h - 3288 = 2*h + 3*i. Let n = h - d. Is n a composite number?
True
Let o(f) = -19*f**2 + f + 15. Let h(i) = 5*i**2 - 4. Let t(z) = 9*h(z) + 2*o(z). Suppose -j + 10 = y, 4*y = j + 10 + 5. Is 